tor of 1479 and 4233.
51
What is the greatest common divisor of 1952 and 183?
61
Calculate the greatest common divisor of 4599 and 228816.
63
Calculate the highest common divisor of 3111 and 5307.
183
Calculate the highest common divisor of 54395 and 4455.
55
Calculate the highest common divisor of 408344 and 8.
8
Calculate the highest common divisor of 9 and 6903378.
9
What is the greatest common factor of 9600 and 913600?
1600
What is the greatest common divisor of 1603 and 343?
7
Calculate the highest common factor of 7020 and 115965.
135
Calculate the greatest common factor of 20 and 6278.
2
Calculate the highest common divisor of 4199 and 3553.
323
Calculate the highest common divisor of 2865730 and 140.
70
What is the highest common divisor of 162491 and 47677?
973
What is the greatest common factor of 1650 and 5115?
165
What is the greatest common divisor of 103 and 14586139?
103
What is the greatest common factor of 3458 and 2147?
19
What is the greatest common factor of 4845 and 3591?
57
Calculate the greatest common divisor of 8088 and 376.
8
What is the highest common factor of 30 and 1401885?
15
What is the greatest common factor of 293801 and 553?
79
Calculate the greatest common factor of 10 and 36770.
10
What is the greatest common factor of 20 and 135820?
20
Calculate the greatest common factor of 2243727 and 27.
27
Calculate the highest common factor of 392 and 21070.
98
Calculate the highest common factor of 66 and 286.
22
What is the greatest common factor of 3897 and 21217?
433
Calculate the greatest common factor of 8496 and 18762.
354
Calculate the highest common factor of 9774700 and 6180.
2060
Calculate the greatest common factor of 55 and 51436.
11
What is the greatest common divisor of 448 and 6874?
14
What is the greatest common divisor of 161 and 63411?
23
Calculate the greatest common divisor of 15 and 196830.
15
What is the highest common factor of 13629 and 885?
177
What is the highest common divisor of 135 and 5105?
5
What is the greatest common divisor of 4125 and 56625?
375
Calculate the greatest common factor of 171273 and 148.
37
What is the highest common divisor of 20426 and 35?
7
Calculate the greatest common divisor of 546 and 1260.
42
What is the greatest common factor of 38613 and 793?
61
What is the highest common divisor of 5 and 43115?
5
Calculate the highest common factor of 3520 and 4565.
55
What is the highest common factor of 2064 and 8643?
129
What is the greatest common factor of 42100 and 3925?
25
Calculate the greatest common divisor of 12351 and 3243.
69
What is the greatest common divisor of 755 and 996751?
151
Calculate the highest common divisor of 259 and 2317.
7
Calculate the highest common factor of 51601 and 693.
11
What is the greatest common factor of 54285 and 11?
11
Calculate the greatest common divisor of 1110084 and 12.
12
What is the greatest common divisor of 448560 and 6942?
534
Calculate the greatest common factor of 394082 and 598.
598
Calculate the greatest common divisor of 1719536 and 273.
91
What is the highest common factor of 39 and 3109041?
39
What is the greatest common divisor of 313 and 3885582?
313
Calculate the highest common factor of 11190 and 230.
10
Calculate the highest common factor of 12374 and 14526.
538
What is the highest common factor of 1048136 and 888?
296
What is the highest common factor of 14 and 96166?
14
Calculate the highest common divisor of 1057 and 1211.
7
What is the greatest common factor of 112319 and 17?
17
What is the greatest common divisor of 126000 and 800?
400
What is the greatest common factor of 107750 and 750?
250
Calculate the greatest common divisor of 95671 and 58.
29
What is the highest common factor of 153047 and 31?
31
Calculate the greatest common factor of 888 and 4218.
222
Calculate the greatest common divisor of 49478 and 3146.
286
What is the greatest common factor of 1897 and 798908?
271
Calculate the highest common factor of 94480 and 120.
40
Calculate the highest common divisor of 81941 and 1407.
67
What is the highest common divisor of 17277 and 546?
39
Calculate the highest common factor of 133 and 2432.
19
Calculate the greatest common factor of 4844041 and 53.
53
Calculate the highest common divisor of 30 and 10490.
10
Calculate the greatest common factor of 698439 and 1263.
1263
What is the greatest common factor of 5151 and 1131503?
1717
What is the greatest common divisor of 297516 and 12?
12
Calculate the greatest common divisor of 207 and 498.
3
What is the highest common divisor of 304 and 42446?
38
What is the greatest common divisor of 5580 and 101060?
620
Calculate the highest common factor of 6987369 and 93.
93
What is the greatest common factor of 2242723 and 14?
7
Calculate the greatest common divisor of 210 and 629930.
70
Calculate the greatest common divisor of 143557 and 89.
89
What is the highest common divisor of 432 and 11259?
27
What is the greatest common divisor of 737 and 25192?
67
What is the greatest common factor of 91 and 57421?
91
Calculate the greatest common divisor of 913076 and 536.
268
What is the highest common factor of 4 and 40200?
4
Calculate the greatest common divisor of 60 and 4002684.
12
What is the highest common factor of 3438 and 162?
18
What is the greatest common factor of 67522 and 338?
26
What is the greatest common factor of 810 and 18726?
6
Calculate the greatest common factor of 477379 and 564.
47
What is the greatest common divisor of 1778 and 7512050?
1778
What is the greatest common factor of 3326 and 18?
2
What is the highest common divisor of 36 and 813792?
12
What is the greatest common divisor of 2466 and 318?
6
What is the highest common factor of 2892 and 194969?
241
Calculate the greatest common divisor of 7889 and 3087.
343
What is the highest common factor of 24 and 1122?
6
Calculate the highest common divisor of 153 and 24395.
17
Calculate the greatest common divisor of 52 and 21086.
26
What is the greatest common divisor of 276 and 60?
12
What is the greatest common divisor of 6 and 89412?
6
What is the greatest common factor of 7174 and 42200?
422
What is the greatest common factor of 6609393 and 21?
21
What is the highest common divisor of 99660 and 24?
12
Calculate the highest common divisor of 5845 and 175.
35
What is the greatest common divisor of 231 and 47982?
33
Calculate the highest common divisor of 164760 and 240.
120
What is the highest common factor of 39507 and 39?
39
Calculate the highest common divisor of 160 and 777760.
160
What is the highest common divisor of 30 and 178240?
10
What is the greatest common factor of 6 and 89151?
3
What is the greatest common factor of 5182958 and 11?
11
Calculate the greatest common divisor of 151800 and 2070.
690
Calculate the highest common divisor of 108 and 184944.
12
What is the greatest common divisor of 3196 and 6800?
68
What is the greatest common divisor of 129331 and 3113?
283
What is the highest common divisor of 23421 and 48?
3
Calculate the highest common divisor of 5434 and 21166.
38
What is the greatest common factor of 1192 and 88?
8
Calculate the highest common factor of 53179 and 54173.
497
What is the highest common divisor of 4869 and 801?
9
Calculate the highest common divisor of 16 and 1858.
2
What is the greatest common divisor of 18 and 134586?
18
What is the highest common divisor of 152 and 106514?
38
Calculate the highest common factor of 8784 and 2064.
48
Calculate the greatest common factor of 34920 and 30600.
360
Calculate the highest common factor of 10 and 361255.
5
What is the greatest common factor of 193421 and 889?
127
Calculate the greatest common divisor of 63 and 3357.
9
Calculate the greatest common factor of 1071 and 47719.
119
Calculate the greatest common divisor of 871473 and 57.
57
What is the highest common divisor of 3344200 and 920?
920
Calculate the highest common divisor of 12 and 2308.
4
Calculate the highest common divisor of 96908 and 28.
28
What is the greatest common factor of 79632 and 2765?
553
Calculate the highest common divisor of 3410 and 24.
2
What is the greatest common divisor of 630 and 570388?
14
Calculate the greatest common factor of 3456 and 31.
1
Calculate the highest common divisor of 601045 and 10.
5
Calculate the greates